0*p**2 - 3*p**3 - 6*p**2 - 7 - 3*p + 2*p - 7*p**2. Let g(n) = 2*h(n) - 11*s(n). Calculate g(0).
9
Suppose h = -5*n + 31 - 4, 5 = -5*h + 3*n. Let a(q) = -96 - q**h + 159 - q**3 - 62 + 5*q. Calculate a(-2).
-5
Let y be (-10)/(-15) - 40/6. Let o be 4/y + (-144)/27. Let d be 12/72 + (-41)/o. Let q(u) = u**3 - 6*u**2 - 6*u - 8. What is q(d)?
-1
Suppose -3097*h + 3106*h = -45. Let f(v) = v**2 - 3*v - 6. Determine f(h).
34
Let o(h) = 2*h - 3. Suppose -19*w + 29*w + 180 = 0. Let v be ((-56)/63)/(4/w). Give o(v).
5
Let x(v) = -v**3 - 8*v**2 + 12*v + 2. Suppose 131*s - 127*s + 3*i = -35, -4*s - 4*i - 36 = 0. Give x(s).
-94
Let q(t) = 5 - 2 - 8 + t. Suppose 3*b - 18 = 3*u, 2*b + 20 = -5*u - 31. Let g(j) = -j**2 - 11*j - 22. Let x be g(u). Determine q(x).
-9
Let s(f) = -f**2 - 37. Let i be (-17 - -17)/((-2 + 7)/5). Give s(i).
-37
Let i(k) = -85*k + 46. Let r(v) = -19*v + 12. Let t(a) = 2*i(a) - 9*r(a). Suppose -y + 2*h + 10 = 0, h - 15 = 4*y - 41. Calculate t(y).
-10
Let k(i) = -i**2 - i. Let b(g) = 5*g**2 + 3*g + 2. Let z(n) = -b(n) - 6*k(n). Suppose -q - 5 = u, 12*u - q - 8 = 14*u. Determine z(u).
-2
Let q(v) = 60*v - 9. Let t = -17643 - -17642. Determine q(t).
-69
Let g(k) = -3*k**3 - 5*k**2 - 6*k + 3. Suppose f + 8 = 0, 3*j - 4*f - 52 + 26 = 0. Determine g(j).
19
Let c = -351 + 347. Let f(j) = 4 - 3*j - 1 - 4 - 8. Determine f(c).
3
Suppose -5*h = -0*h - 35. Let z(p) = -9 - 11*p - p**3 + 20*p + h*p**2 + 3*p**2 + 3*p. Calculate z(11).
2
Let m(j) be the first derivative of -2*j**3 - 2*j**2 - 6*j - 1/4*j**4 - 226. What is m(-4)?
-22
Suppose -16 = 2*v - 3*d - 27, -2*v = d - 23. Suppose -26*t + 62 = v. Let a(f) = f**3 - 3*f**2 + 2*f - 4. Determine a(t).
-4
Let y(c) = -8*c - 79. Let l(v) = 2*v + 20. Let r(q) = 18*l(q) + 4*y(q). Let t be r(-8). Let h be 3/(-12) - (-27)/t. Let n(s) = s**2 - 3*s - 2. Give n(h).
-4
Let b be (14/6 - 1)*(4 + -7). Let s(g) = 4*g + 14. Let l(z) be the second derivative of z**3/2 + 7*z**2 + 22*z. Let t(n) = b*s(n) + 5*l(n). Give t(6).
8
Let p(v) = -3*v + 15. Let q = -9 - -17. Let y(t) = 2*t + q*t**3 - 4*t - 34 - 9*t**3 - 7*t**2 + 26. Let x be y(-7). Determine p(x).
-3
Let t = -34 + 97. Let k = 65 - t. Suppose -2*o + k = -3*o. Let z(v) = v**2 - 2. Give z(o).
2
Let i(q) = -4*q - 7. Let a(j) = 5*j + 8. Let z(t) = 6*a(t) + 7*i(t). Suppose 8*x = -x + 45. Suppose m + 5*r = -13, x*m - 9 = 4*r + 13. What is z(m)?
3
Suppose o = 4*v - 11, 4*v - 3*o = 9*v - 1. Let h(j) = v + 10 - 1 + 0 + j. Let d be 6/(-9) - (-2)/3. Calculate h(d).
11
Let q(d) be the third derivative of d**6/20 - 73*d**5/60 + 7*d**4/12 - 10*d**3/3 - 20*d**2 + 15*d. Calculate q(12).
4
Let n(b) = b**3 + 15*b**2 - b - 5. Suppose -2*i = -3*k + 6, 4*k - 802 + 909 = -5*i. Give n(i).
10
Suppose -100*p + 159 = -47*p. Let c(u) = -u**3 + 8*u**2 - 2*u - 1. Determine c(p).
38
Let i(f) be the second derivative of f**3/6 - f**2/2 - 2*f - 1615. Suppose 3*l = 6 - 21. Let u = l + 4. What is i(u)?
-2
Let h(l) = l**2 - 1. Suppose -4*s + 72 = -0*s. Let j(y) = y**3 - 21*y**2 + 52*y + 33. Let w be j(s). Determine h(w).
8
Let l(c) = -7*c**2 + 4*c - 3*c - 3 + 6*c - 3*c**3 - 3 + 2*c**3. Let r be ((-660)/16)/5*4. Let t be (16/6)/(11/r). Calculate l(t).
2
Let v(h) = -4505*h**2 - 6*h**3 + 5 - 4514*h**2 + 4*h**3 + 3*h + 9013*h**2. Calculate v(-3).
-4
Let b(a) be the second derivative of a**5/20 + 5*a**4/3 + 3*a**3 - a**2 - 7*a - 47. Determine b(-19).
17
Let t(n) = -407*n - 402*n + 41 + n**2 + 796*n. What is t(8)?
1
Let h(q) = -q**3 + 39*q**2 + q - 37. Let c be h(39). Let i(l) = 155*l**2 - 77*l**2 - 5*l - l**3 + 5 - 73*l**c. What is i(4)?
1
Let g(o) = -o**2 - o + 4. Suppose -3 = 3*t - 4*t. Suppose t*l - l + 10 = -5*i, -2*l = 2*i + 4. Suppose l = -7*m + 5*m. Calculate g(m).
4
Let s(k) be the second derivative of k**3 + 15*k**2/2 + 1709*k - 2. Give s(5).
45
Let g(v) = -13*v + 67. Suppose 548*f - 80 = 538*f. Determine g(f).
-37
Let t(x) be the second derivative of -x**5/5 + x**4/3 - 2*x**3/3 + 2*x**2 + 2874*x. What is t(2)?
-20
Suppose -d + 4 = -0*d. Suppose 1 + 3 = d*m. Let i(n) be the second derivative of 11*n**3/6 - n**2/2 - 18*n + 16. Calculate i(m).
10
Let b(q) = -q**3 + 4*q**2 + 2*q - 1. Let n(f) = f**3 - 12*f**2 - 28*f + 4. Let r = 577 + -563. Let o be n(r). What is b(o)?
7
Let r = 3515 + -3526. Let m(c) = -7*c - 23. What is m(r)?
54
Let r(k) = 4*k - 35 - 69*k**2 - 35 + 26*k**2 - 33 + 101. What is r(1)?
-41
Let t(o) = -o**3 + o**2 - o. Let k(q) = -4*q**3 + 17*q**2 - 13*q - 38. Let z(c) = -k(c) + 3*t(c). What is z(13)?
-1
Let h(t) = t**2 + 127*t + 943. Suppose 5*i + 22 - 63 = 2*f, 0 = f + 7*i - 27. What is h(f)?
-9
Let s(w) be the first derivative of w**5/20 - 2*w**2 + w - 13. Let g(b) be the first derivative of s(b). Let v(m) be the first derivative of g(m). Give v(1).
3
Let d(i) = 7*i**3 + 46*i**2 + 13*i + 2. Let v be d(-6). Suppose 13*z = -v - 10. Let r(n) = 2*n + 22. What is r(z)?
10
Let r(w) = -4 - 1 + 4 - 3*w - 6 + 0. Let i = -15 + 10. Give r(i).
8
Let m(v) = -7*v**3 + 13*v**2 - 24*v - 27. Let w(u) = 4*u**3 - 7*u**2 + 13*u + 16. Let o(f) = 3*m(f) + 5*w(f). What is o(3)?
-13
Suppose -5*n = m - 5*m + 22, -5*m = 5*n - 5. Let q(k) = -3*k + 5*k - 5*k - k**2 + 8*k - 9. Let a be q(m). Let r(u) = 2*u**2 + 2*u - 1. What is r(a)?
11
Let q(i) = i**3 - 12*i**2 - 14*i + 8. Let v(k) be the second derivative of -k**4/12 + 2*k**3 - 7*k**2 + 2*k - 4. Let h be v(3). What is q(h)?
-5
Let p = -45 + 48. Let m be ((-2)/p)/(11/(-66)). Let i(q) = -q**2 + 3*q - 1. Let f(x) = -x**2 + 4*x - 1. Let g(j) = m*i(j) - 5*f(j). Calculate g(7).
-6
Let r(j) = -17*j + 2. Let k(h) = -17*h + 1. Let n(c) = -18*c + 1. Let v(i) = -3*k(i) + 2*n(i). Let t(a) = 6*r(a) + 7*v(a). Let x = 11 - 17. Determine t(x).
-13
Let l(k) = k**3 + 9*k**2 + 4*k - 9. Suppose -393*a - 80 = -377*a. Give l(a).
71
Suppose -3*w + 9 = -0, -2*b + 5*w = -5. Suppose 3*n + 0*n = 2*d + 32, 0 = -n + 4*d + 24. Let r(h) = h**3 - n*h + b*h**2 - 2*h**3 - 17*h**2. Calculate r(-6).
12
Suppose -p = -3*p. Suppose f = -p*f - 2. Let x(c) = 2*c**2 + 1. Let a(y) = -y**2 - y - 1. Let k(q) = 3*a(q) + x(q). Give k(f).
0
Suppose -23 = q + 5*y, -4*q + 0*y - y = -3. Let h(o) = -10*o + 5*o - o**q - 9 + 4. Calculate h(-6).
-11
Let t(z) = -3403*z + 1704*z + 1704*z + 44. Calculate t(-11).
-11
Let w(d) = d**3 + 5*d**2 + 37*d + 260. Let o be w(-6). Let q(a) = 6*a**2 - 2*a. Calculate q(o).
20
Let b(o) = -80*o + 955. Let t(a) = 27*a - 335. Let v(q) = 6*b(q) + 17*t(q). Give v(2).
-7
Suppose 0 = 3*g + 8*g - 198. Suppose 8*n = 66 - g. Let u(k) = -k**3 + 5*k**2 + 8*k - 5. Give u(n).
7
Let s(x) = -2 - x**2 - 6*x**2 + 3*x + 8*x**2 + 0*x**2. Suppose -3*g = -5*u - 6, -4*u = 80*g - 82*g + 6. Calculate s(g).
-2
Let b(g) be the second derivative of -5*g**3/6 - g. Let k(z) = z**3 + 4*z**2 - 3*z + 11. Let j be k(-4). Suppose -j + 17 = 3*w. Calculate b(w).
10
Let z(a) = -4*a - 7 + 7 - 27*a**2 + 5*a**3 + 24*a**2 - 5 + 0*a**3. Calculate z(-2).
-49
Let p(m) = -m**3 + 12*m**2 - 29*m + 5. Suppose -4*j = -4*s + 48, 42 = 648*s - 645*s - 5*j. Determine p(s).
-13
Let n(p) = -8. Let v(c) = -6*c + 62. Let h(w) = 12*n(w) + v(w). Give h(-5).
-4
Let a(s) = s**2 + 4*s. Let c(p) = p**3 - 4*p**2 + 6*p - 5. Let l be c(3). Suppose l*d + 179 = -3*j, -3*d = -4*j - 73 - 199. Let o = -68 - j. Give a(o).
-3
Let t(a) = -a**2 + 21*a - 24. Suppose 0 = -5*p + 4*j + 87, -48*p + j - 21 = -49*p. Calculate t(p).
14
Let g = 527 - 524. Let a(r) = -2*r - 1 + 5*r + 25*r**2 - 24*r**2 - r**3. Determine a(g).
-10
Let y(k) = k**3 - 4*k**2 - 8*k + 4. Let b be y(5). Let z = 7 + b. Let j(m) = -5*m**2 + 1 + 16*m + 208*m**3 - 209*m**3 - 16*m + 2. Give j(z).
-13
Let x(q) = q**3 + 5*q**2 - 8*q + 2. Let d(h) = -h. Let z be 28/((-8)/(-2)) + -8. Let u(o) = z*x(o) + d(o). Give u(-6).
-8
Let m(n) = n**3 - 12*n**2 - 31*n + 26. Suppose -189*q + 7 = -187*q - 3*a, q + 7 = 3*a. What is m(q)?
-16
Suppose 4*o - 8 = l, l - 4*o + 8 = -l. Let y(f) be the first derivative of 4*f + 41 + 0*f**2 - 1/3*f**3. What is y(l)?
4
Let a = 210 + -201. Suppose a = -3*b - 0. Let f(j) = j**2 + j + 1. What is f(b)?
7
Let f(t) = 3*t - 82. Let d = 6019 + -5989. Give f(d).
8
Let a(n) be the third derivative of -n**4/12 + n**3/2 + 3*n**2. Let j = -1925 - -1919. Calculate a(j).
15
Let t(x) = x**2 - 8. Let y(l) = l. Let i(w) = t(w) + 6*y(w). Suppose -h - 2*h = -m + 20, h = -m. Suppose n = 